 the value of (-22 - (51 - 60)) + (-1 - -5)?
-9
What is -1 + 8 - (17 - (-22 + 25))?
-7
What is the value of 9 + -13 + 13 + (0 + -1 - 2)?
6
What is (-1 - -3 - (-3 + 1)) + (987 - 977)?
14
What is the value of (17 - (-3 - -1)) + (-16 - (16 + -29))?
16
Calculate (26 - -3) + -24 - (-11 + 1).
15
Evaluate 54 - (8 + 28 + -2).
20
Evaluate -3 - (0 - (-1 + 15 + -26)).
-15
Calculate -30 - -3 - (5 - 14).
-18
What is the value of 6 + -39 + 1 + -16 + -4 + 23?
-29
Evaluate 1 - (-8 + -5 + -5 + 9 + -9).
19
(-2 - (10 + -15 - -9)) + 2
-4
5 + -1 - (188 + -182)
-2
What is the value of (24 - -1 - 22) + -34?
-31
Calculate -54 + 95 + -39 + -20 + -1.
-19
Calculate 18 - (13 - (-18 - -20)).
7
What is -10 + 1 + (254 - 232)?
13
Evaluate -2 + (5 - (-3 - (-18 + 8) - 8)).
4
12 + 1 + (-147 - -141)
7
What is the value of -29 + (-13 - -32) + 19?
9
What is -16 + 20 + (3 - (-4 + -1)) + -4?
8
Calculate -1 + 5 + -2 + -6 + 0 + -14.
-18
Evaluate 24 - ((-15 - -27) + -7).
19
Evaluate -18 + (10 - 8 - 3 - 3).
-22
-37 - (-51 + -7 - -31)
-10
(-3 - -6) + -7 + -3 + -36 - -10
-33
10 - (34 - 16) - 7
-15
9 + -8 + -5 + 9 - 12
-7
What is the value of 52 + -42 + -34 + 7 + -4?
-21
Calculate (-6 - (2 - 7)) + -11.
-12
Calculate -7 + (11 - (-8 - -8)) - (9 - -12).
-17
10 - (4 + -13 + (3 - -16 - -9))
-9
Evaluate (2 - (-2 + 5)) + 6 - (-42 - -46).
1
Evaluate 5 - (-6 - (7 - 21) - -11).
-14
Evaluate -6 + 3 + -13 + (9 - (-2 + 9)).
-14
What is the value of -21 - (-3 - (-2 + 27))?
7
Calculate 2 + -3 + -9 + 43 + -42.
-9
What is (11 - 3) + (1 - 3)?
6
What is the value of (41 - 0) + -49 + 1 + 24?
17
Evaluate 28 + -22 + 0 + 5 + -5.
6
What is the value of (10 - (-37 - -44)) + (1 - 14)?
-10
Calculate -8 - 5 - -20 - 30.
-23
Evaluate (1 + -11 - (-18 + -37 + 14)) + -10.
21
Evaluate 5 - (-4 + (6 - 11) + 9).
5
Evaluate 8 + (3 + 0 + -17 - (-2 - -3)).
-7
Evaluate -5 + -5 + (-28 - -21) - 4.
-21
What is the value of 16 + (-1 - 2) + 4 + -185 + 186?
18
Evaluate 8 - (3 + -2 + 8) - (6 + -2).
-5
172 + -186 - (4 + 13)
-31
15 + 0 + (-3 - (8 - 5)) + 4
13
What is -1 + 3 + 0 + -3 + -4 - -19?
14
Calculate 2 + 3 + -5 + -1 + -34 + 32.
-3
-57 - -23 - (-5 + -26)
-3
-1 - -5 - (161 - 150 - (5 - 1))
-3
Evaluate 11 + (-19 + 12 - (-15 + -4)).
23
What is the value of 5 + (-6 - (-3 - -3)) + 14 + 7?
20
What is the value of (-20 - -9) + -10 - -31?
10
What is the value of 467 + -468 + (-1 + 17 - 2 - -2)?
15
What is (21 - (-16 - -32)) + (6 - 3 - 8)?
0
What is (-10 + 3 - (-4 - -4)) + 8?
1
What is the value of -78 + 78 - (-3 - 4)?
7
Evaluate -277 - -244 - (-2 - 19).
-12
Calculate (39 + -49 - (-1 - 6)) + 14.
11
What is the value of (3 - (4 - 6) - -6) + -3 + 8?
16
What is -25 - (-40 - (5 + -25))?
-5
What is the value of 0 - (-43 - -30) - -7?
20
(-3 - -1) + 0 + (81 - 93)
-14
What is the value of 0 + 2 + -2 + (-2 - (-3 + 3))?
-2
What is the value of 187 - 209 - (5 - (-3 + 0 + 2))?
-28
5 - 2 - (-25 + -30 - -73)
-15
Evaluate -35 + 40 - (14 - 2).
-7
Evaluate (31 - 18) + -27 + (8 - -7).
1
Evaluate (-4 - (-30 - -18)) + -9.
-1
(-3 - -3) + (-2 - 5) - (-132 + 134)
-9
What is the value of (6 - (7 - -1)) + (19 - -1)?
18
9 - (-15 - -32 - -6)
-14
What is -22 + 5 + (-27 - -28) + (2 - -1)?
-13
(0 - -1) + (-28 - (-36 - -9))
0
(-42 - -5) + 5 + 41
9
What is (4 + -5 - -4) + 70 + -74?
-1
What is -1 - -17 - (633 - 613)?
-4
(1 + -4 - (10 + 2)) + 10 - -7
2
What is the value of 5 + -2 + 5 + 0 + 1?
9
Evaluate (-7 - -22 - 12) + -3 - 8.
-8
-9 + 12 + 16 - 16
3
Calculate 23 - 2 - 14 - 1.
6
What is -14 - (-3 + 5 + -5 + -4)?
-7
Calculate (6 - -3) + -21 + (8 - -37) + -5.
28
What is 13 - 19 - (-2 - (2 + 2))?
0
What is 0 - (-7 + -6) - (16 + -1)?
-2
What is 0 - 10 - ((-1 - 6) + (-21 - -31))?
-13
What is 1 + 7 + -3 - (-1 + (-9 - 6))?
21
Evaluate 0 - 6 - (-712 - -695).
11
What is 8 - (1 + (-7 - (1 - 8)))?
7
Calculate 7 - (-1 + 10) - (-8 - 2).
8
What is the value of -50 - -17 - -27 - 4?
-10
Calculate -17 + (11 - (-2 + 7)).
-11
Evaluate -1 - -1 - (0 + -4) - -11.
15
Calculate 32 + 26 + -29 - 18.
11
What is 10 + 0 + -4 + 2 + -4 - 7?
-3
4 + 3 + -6 + 15
16
What is (-54 - -37) + (4 + -4 + 3 - 1)?
-15
Calculate -1 + -35 - 0 - (-693 - -684).
-27
-287 - -320 - (18 - -2)
13
What is -46 - (-39 + 13 + 7)?
-27
-12 + 16 + -26 + (-8 - 2)
-32
What is (-2 + 3 - (30 + -39)) + -14?
-4
Evaluate 5 - (-35 + 24 + -10).
26
Evaluate 5 + -3 - (5 + -12 + 10 + -23).
22
What is -524 + 502 - (3 - 8)?
-17
What is 4 - (-37 + 19 + 28)?
-6
Evaluate (-26 - -10) + (-9 - (8 + -8 - 12)).
-13
What is -1 + -3 + (-2 - 4 - 6 - -13)?
-3
What is -8 + (13 - (-13 + 4 + 5))?
9
What is the value of (53 - 52) + (-1 - (1 - 0)) - -2?
1
Evaluate 4 + (2 + (-2 - 4) - (-17 - -16)).
1
What is the value of (0 - -9) + 10 + (17 - 49)?
-13
Calculate (-14 - (-4 - 8)) + -15.
-17
What is the value of -23 + 1 - -17 - 3?
-8
What is 23 + 6 + (11 - 20) + -14?
6
What is -25 + -5 - -17 - -1?
-12
(1 - 17) + (-28 + 31 - (1 + 1))
-15
What is the value of (-6 + 1 + 8 - -2) + (2 - 2)?
5
What is 6 + (-7 - (-8 - 1)) - 0?
8
1 + -1 + 14 + -11
3
2 + -11 + -17 + 31
5
Evaluate (2 - 17) + (6 - 7) + 1 + 5.
-10
Evaluate 4 - (33 - (-15 - -49)).
5
(-1 - -13) + (-12 - -5)
5
Calculate -34 + 27 + -8 + 1 + 5.
-9
Calculate -15 + 38 + (-20 - 5).
-2
What is 3 - -2 - (0 + (16 - 15 - -24))?
-20
What is the value of -3 - (5 + (-9 - -7) + -4 + -11)?
9
-1 - 2 - (-18 + 20 + -8) - 14
-11
What is (0 + -2 - -1) + 11 + -10 + -6?
-6
Calculate 15 + 8 + -2 + -4 + 6.
23
Evaluate (1 - -2) + (131 - 120).
14
Calculate 19 - (56 + -19 + 1).
-19
Evaluate 11 + (1 - (-3 - (5 - -1))).
21
What is the value of -16 - (-1 - 16 - (-147 - -148))?
2
Evaluate 10 + (11 - (-9 - (-19 - -13))).
24
-32 + (77 + -55 - ((0 - -1) + 11))
-22
What is the value of -41 - -25 - (-2 - 11)?
-3
Calculate (-1 + 4 - 14) + 1 + 7 - -3.
0
Calculate (160 - 143) + 1 + -14.
4
-19 - 8 - (-39 + 32)
-20
Evaluate 47 + -32 + 2 - 8.
9
9 - (16 + 1) - (-12 - -1)
3
Evaluate -2 - 17 - (8 - 21 - 42).
36
Calculate 10 + -1 + (-11 + -9 - -12 - -17).
18
Evaluate -17 - (0 - (6 - (-6 - -7))).
-12
5 - (-1 + 0) - (-32 + (31 - -2))
5
(-4 - (-13 + -1 - -1)) + 7
16
(-21 - -23) + (1 - (-11 - -3))
11
Evaluate (-8 - (-8 + 4)) + -5 + 4.
-5
(-32 - (11 + -33)) + (4 - -40)
34
2 + -31 + 21 - 4
-12
(0 + (1 - -1) - 3) + -18 + 11
-8
-8 + -14 + 30 + -31
-23
Calculate -32 - (9 - (19 - 15 - -7)).
-30
Evaluate 6 + -28 + -6 + 18 + -11.
-21
Evaluate -7 - (-9 + -2) - -3.
7
Evaluate 10 + (-10 - (-9 + 4)) + 3 + -4.
4
Evaluate -3 + -2 - (14 - (22 - 12)).
-9
Evaluate (-16 - -9) + 6 - (11 - 19).
7
Calculate 8 + -13 + 47 + -22.
20
What is -4 - ((-22 - -60) + (-1 - 16))?
-25
Calculate -3 + 10 + (15 - 18 - (17 + 1)).
-14
What is (-3 - -2 - -3) + (13 + 6 - 38)?
-17
What is 1455 - 1477 - (6 + 1)?
-29
15 + (-2 - 17 - 20)
-24
Evaluate (-8 - (-9 + -2)) + (17 - 0).
20
What is (-11 - -2) + (-5 - -2) + (-8 - -1)?
-19
-71 - -89 - (4 - 0)
14
-11 + (-17 - -14) - -22
8
3 + -7 - (1 + -24)
19
12 + -8 - -22 - 12
14
-38 + 43 + -32 + -3 + 3
-27
(7 - 1) + 2 + -13
-5
What is 0 + -1 + (55 - 53) - -20 - 4?
17
-8 - (5 - 13) - (13 - 13)
0
What is the value of (-20 - -28) + (2 - 12) + (12 - -3)?
13
Evaluate -2 - -35 - (35 + -16).
14
Calculate -7 + 15 - 14 - -15.
9
Evaluate -13 - ((1 - (-1 - -1)) + -6 - -4).
-12
3 - (-28 + -2) - ((-13 - -24) + -10)
32
What is 1 - (3 + (7 - -1))?
-10
What is the value of 2 - 9 - -23 - 22?
-6
Calculate -8 - (5 + -21 + 9 + -9).
8
Evaluate -3 + 3 + 1 + -1 - (-178 + 173).
5
Evaluate -21 - ((-3 - -3) + 1 + (-6 - -2)).
-18
Calculate 10 - ((-11 - (4 + -13)) + (2 - 7)).
17
18 - (-3 - -1 - -1 - (-102 + 102))
19
What is the value of 9 + (-10 - 0) - 10?
-11
Evaluate 67 - (4 - -15) - 24.
24
Calculate 0 + -10 + 6 + (-12 - -4 - 4).
-16
What is -10 + 23 + -30 - -14?
-3
What is -1 + -3 + -18 + 6 + 17 + -11?
-10
1 + -5 + 28 - (23 - 14 - 12)
27
What is the value of (11 - 6) + (-10 - (-4 + -1))?
0
What is the value of (15 - (-14 + 38)) + 11 + 6?
8
Evaluate -34 + -3 - (-175 - -136).
2
Calculate (83 - 123) + 10 + 0.
-30
12 + (-7 - 2) - (-7 + 4)
6
Calculate -3 + 0 + -5 + -3.
-11
Evaluate -2 - 17 - -1 - (-64 + 56).
-10
Evaluate 9 + (-8 - -4) + -18.
-13
What is the value of (-7 + 10 - (-4 - 4)) + -11?
0
What is 13 - (16 - (-18 + 29))?
8
Calculate -6 + -1 - (112 + -129).
10
Calculate (7 - 10 - -10) + 4 + -2 + 0.
9
What is the value of 12 - (2 + 0 - (10 - (9 - -9)))?
2
What is -20 - (3 + 3 + (-9 - -